prime number?
False
Is 7910281 composite?
False
Is 24455760739 a composite number?
False
Is 367904857 prime?
True
Is 19838747443 composite?
True
Is 659936359 a prime number?
True
Is 145805437 prime?
True
Is 117025157 a prime number?
True
Is 7298979161 a composite number?
False
Is 121103215417 a composite number?
True
Is 13676035283 prime?
True
Is 103856126333 composite?
False
Is 848276083 composite?
True
Is 23032702583 a prime number?
False
Is 29060165411 a prime number?
False
Is 4520232209 prime?
True
Is 6103823413 a prime number?
False
Is 12978913057 prime?
False
Is 1686147223 a prime number?
True
Is 13899532687 a prime number?
True
Is 226907657 composite?
False
Is 46361548258 composite?
True
Is 2564787737 a prime number?
True
Is 59852265271 composite?
False
Is 1575831935 prime?
False
Is 4202209933 a composite number?
False
Is 1696889657 prime?
True
Is 372961559 prime?
True
Is 140245512809 prime?
False
Is 185875829 prime?
False
Is 124197637 prime?
True
Is 2493759859 composite?
True
Is 438170982137 prime?
False
Is 3974403571 a composite number?
True
Is 1477737463291 a composite number?
False
Is 964863281 prime?
True
Is 7510506587 prime?
False
Is 214604363 a prime number?
False
Is 2103462589 prime?
True
Is 1280923519 a prime number?
False
Is 33504077407 prime?
False
Is 25537717859 a prime number?
False
Is 60692923 composite?
True
Is 24348670091 a prime number?
True
Is 410424319 composite?
True
Is 5182769877 composite?
True
Is 781761697 a prime number?
False
Is 12461154619 prime?
False
Is 285605105 a composite number?
True
Is 258627553 prime?
False
Is 3475480961 a composite number?
False
Is 25360729 a prime number?
True
Is 11058093817 a prime number?
True
Is 17802895107 composite?
True
Is 5889585743 prime?
False
Is 23108712643 composite?
False
Is 943975789 prime?
True
Is 1213035883 a prime number?
True
Is 43865312419 a prime number?
True
Is 90220560819 composite?
True
Is 1330492277 prime?
True
Is 3198230401 a composite number?
False
Is 990148297 a prime number?
True
Is 20437042579 prime?
True
Is 4672514161 prime?
False
Is 45688002545 a composite number?
True
Is 501634709 a composite number?
True
Is 14752281841 a composite number?
True
Is 396015409 a composite number?
True
Is 384188039 composite?
False
Is 4422097067 a composite number?
False
Is 379385837 a prime number?
False
Is 1005803699 a composite number?
False
Is 79412713147 a composite number?
True
Is 6595512893 composite?
True
Is 23118774281 a prime number?
False
Is 32786142407 a prime number?
False
Is 237940147 a prime number?
False
Is 328033902793 prime?
False
Is 37058358967 a composite number?
True
Is 443253997 a prime number?
False
Is 1475612273 composite?
True
Is 6754292521 prime?
False
Is 1336030453 a prime number?
True
Is 257931469 a composite number?
True
Is 776927821 a prime number?
True
Is 40233070747 a composite number?
True
Is 1173121441 a prime number?
True
Is 58501173209 composite?
False
Is 534834851 prime?
True
Is 2864487359 a prime number?
True
Is 30997648699 a prime number?
True
Is 21384039035 composite?
True
Is 10438253807 composite?
False
Is 3340599949 prime?
True
Is 7968843427 a composite number?
False
Is 6877679281 a prime number?
False
Is 1068296869 composite?
True
Is 21379145429 a prime number?
True
Is 713602867 a composite number?
False
Is 5787864127 prime?
False
Is 609021641 a prime number?
False
Is 35406397111 a composite number?
False
Is 163066572881 prime?
True
Is 543847751 a composite number?
False
Is 1690862399 a composite number?
False
Is 3600622121 composite?
False
Is 1224942461 prime?
False
Is 4505740847 a composite number?
False
Is 47350973689 a prime number?
True
Is 718590767 composite?
False
Is 20862871741 composite?
False
Is 2574515623 composite?
False
Is 700269445 composite?
True
Is 1757568887 a composite number?
False
Is 243108431945 prime?
False
Is 7935336673 a composite number?
True
Is 2513676569 prime?
True
Is 122990293 prime?
True
Is 20396130383 a composite number?
False
Is 21044399099 a composite number?
False
Is 761168559 a prime number?
False
Is 90859561707 a prime number?
False
Is 36550429 composite?
False
Is 765918163 a prime number?
True
Is 10792353071 a composite number?
True
Is 20473258501 a composite number?
False
Is 20729636789 a composite number?
True
Is 99659689139 prime?
True
Is 42451595171 composite?
False
Is 1504953929 composite?
False
Is 5794057129 a composite number?
True
Is 17815587577 prime?
True
Is 1159603513 a prime number?
False
Is 1875423113 a composite number?
True
Is 46829533 prime?
True
Is 2939687419 a prime number?
True
Is 65399389049 prime?
True
Is 2316911161 prime?
True
Is 21506097971 a composite number?
True
Is 2495616493 a composite number?
False
Is 52423356941 prime?
True
Is 531428747 a prime number?
True
Is 12639854551 a composite number?
True
Is 406600063865 composite?
True
Is 1676528881 a composite number?
True
Is 22399817039 composite?
True
Is 8427831977 a composite number?
True
Is 25048561997 composite?
False
Is 591862981 a prime number?
False
Is 24373847 composite?
True
Is 21377582011 a composite number?
False
Is 2440204319 composite?
True
Is 5519388229 a prime number?
True
Is 15627551109 prime?
False
Is 517818683 a composite number?
True
Is 8150880797 a composite number?
True
Is 1786992707 a prime number?
True
Is 144654179 composite?
True
Is 49676966671 a composite number?
True
Is 17110418371 composite?
False
Is 7020450791 a composite number?
False
Is 1656176759 a prime number?
True
Is 3747022133 a composite number?
True
Is 206240191 a prime number?
True
Is 12962833957 a prime number?
False
Is 486901483 a prime number?
True
Is 3306767 a prime number?
False
Is 2574818501 a composite number?
False
Is 22922759891 a prime number?
True
Is 9080566477 a composite number?
False
Is 3241846045 a composite number?
True
Is 798565193 a prime number?
False
Is 1326325439 a prime number?
False
Is 12557625439 a prime number?
True
Is 375406721 prime?
False
Is 14939506051 prime?
True
Is 6237510509 composite?
False
Is 199981627 composite?
True
Is 213036493 a composite number?
True
Is 15670398277 composite?
False
Is 273367499 a prime number?
False
Is 9208549799 a composite number?
False
Is 39183407231 composite?
False
Is 1661741113 prime?
True
Is 20141468527 prime?
True
Is 14186886011 prime?
False
Is 15400168537 prime?
False
Is 20637691901 prime?
True
Is 50622643 a prime number?
True
Is 45955446001 prime?
False
Is 13849167637 prime?
True
Is 55982924839 composite?
False
Is 474231761 prime?
True
Is 186461104057 a composite number?
False
Is 877472501 composite?
True
Is 5433591041 a composite number?
False
Is 30479744443 prime?
False
Is 1093725779 prime?
True
Is 615385373 a composite number?
True
Is 2309755681 a prime number?
True
Is 3964637891 composite?
True
Is 169449067 prime?
False
Is 10311028771 a prime number?
True
Is 127798277 a composite number?
False
Is 5068094011 a composite number?
True
Is 4108697737 prime?
False
Is 4592651467 a composite number?
False
Is 30655127 a prime number?
True
Is 3646695223 prime?
True
Is 1547594033 a prime number?
False
Is 77023117 a prime number?
False
Is 3188920927 prime?
False
Is 36249575903 composite?
False
Is 2869537639 a prime number?
True
Is 12506088779 composite?
False
Is 3816643757 prime?
True
Is 269832503 a composite number?
False
Is 58207061669 prime?
True
Is 1867632623 a prime number?
True
Is 121344179137 prime?
True
Is 42435917 a prime number?
False
Is 58542621773 a composite number?
True
Is 1335853517 prime?
True
Is 78950813 prime?
False
Is 589757782 prime?
False
Is 9888865069 composite?
False
Is 29637712159 a composite number?
True
Is 23318823207 composite?
True
Is 112854644519 composite?
False
Is 3331046347 composite?
True
Is 21483550019 composite?
True
Is 24639820069 prime?
False
Is 83279657 prime?
False
Is 626904739 a composite number?
True
Is 61958959 prime?
False
Is 820662893 prime?
False
Is 617835467 prime?
False
Is 6768272281 a composite number?
True
Is 4824874019 prime?
False
Is 6796025398 prime?
False
Is 64082371 composite?
True
Is 4349783891 a prime number?
True
Is 512075247 composite?
True
Is 72664087 a prime number?
False
Is 24494053 a prime number?
True
Is 55706261357 composite?
False
Is 199182539 a composite number?
False
Is 43397319307 a prime number?
False
Is 2